s the thousands digit of 3625662?
5
What is the ten thousands digit of 6001991?
0
What is the hundred thousands digit of 23681937?
6
What is the millions digit of 1092545?
1
What is the tens digit of 5108802?
0
What is the ten thousands digit of 2123206?
2
What is the tens digit of 3989993?
9
What is the tens digit of 1119108?
0
What is the hundreds digit of 74304?
3
What is the hundred thousands digit of 8155070?
1
What is the ten thousands digit of 4130761?
3
What is the hundred thousands digit of 520601?
5
What is the tens digit of 654960?
6
What is the hundred thousands digit of 954605?
9
What is the units digit of 331291?
1
What is the thousands digit of 63892?
3
What is the thousands digit of 569803?
9
What is the hundreds digit of 9418984?
9
What is the hundred thousands digit of 2564607?
5
What is the hundred thousands digit of 1161650?
1
What is the units digit of 2763596?
6
What is the ten thousands digit of 104338?
0
What is the ten thousands digit of 1743786?
4
What is the thousands digit of 1184679?
4
What is the units digit of 5621515?
5
What is the tens digit of 587855?
5
What is the thousands digit of 13339513?
9
What is the ten thousands digit of 22005874?
0
What is the units digit of 15805?
5
What is the hundreds digit of 585487?
4
What is the hundreds digit of 149794?
7
What is the units digit of 355579?
9
What is the thousands digit of 545567?
5
What is the tens digit of 137786?
8
What is the hundreds digit of 5462658?
6
What is the hundreds digit of 293281?
2
What is the tens digit of 214319?
1
What is the millions digit of 9655594?
9
What is the ten thousands digit of 2982098?
8
What is the hundreds digit of 132954?
9
What is the units digit of 14611864?
4
What is the hundred thousands digit of 2368699?
3
What is the units digit of 53941?
1
What is the millions digit of 1241015?
1
What is the hundreds digit of 92592?
5
What is the ten thousands digit of 1139466?
3
What is the ten thousands digit of 192750?
9
What is the units digit of 537581?
1
What is the units digit of 2091494?
4
What is the ten thousands digit of 255217?
5
What is the tens digit of 13383951?
5
What is the hundred thousands digit of 8838624?
8
What is the millions digit of 3518637?
3
What is the ten thousands digit of 375966?
7
What is the ten millions digit of 12665881?
1
What is the thousands digit of 88864?
8
What is the units digit of 380928?
8
What is the hundreds digit of 27787091?
0
What is the hundreds digit of 22111?
1
What is the hundred thousands digit of 317566?
3
What is the hundred thousands digit of 29559694?
5
What is the tens digit of 360258?
5
What is the thousands digit of 872615?
2
What is the tens digit of 246537?
3
What is the tens digit of 79783?
8
What is the units digit of 17357345?
5
What is the ten thousands digit of 133278?
3
What is the ten thousands digit of 15348646?
4
What is the units digit of 2366729?
9
What is the ten millions digit of 35907548?
3
What is the thousands digit of 998434?
8
What is the thousands digit of 4827373?
7
What is the ten thousands digit of 837944?
3
What is the hundreds digit of 6838404?
4
What is the ten thousands digit of 581216?
8
What is the hundreds digit of 21107670?
6
What is the hundred thousands digit of 330451?
3
What is the hundred thousands digit of 10220652?
2
What is the hundreds digit of 29324?
3
What is the ten thousands digit of 59196?
5
What is the tens digit of 14145869?
6
What is the thousands digit of 550024?
0
What is the units digit of 318359?
9
What is the hundreds digit of 1107343?
3
What is the units digit of 182260?
0
What is the millions digit of 5709135?
5
What is the millions digit of 8081372?
8
What is the ten thousands digit of 561156?
6
What is the hundreds digit of 333653?
6
What is the ten millions digit of 38923604?
3
What is the thousands digit of 149031?
9
What is the tens digit of 13917441?
4
What is the hundreds digit of 30271?
2
What is the tens digit of 18041?
4
What is the ten thousands digit of 226113?
2
What is the hundred thousands digit of 1768621?
7
What is the tens digit of 1703785?
8
What is the ten thousands digit of 85877?
8
What is the tens digit of 251885?
8
What is the thousands digit of 563991?
3
What is the ten thousands digit of 270297?
7
What is the tens digit of 2681712?
1
What is the hundreds digit of 1352065?
0
What is the millions digit of 1182682?
1
What is the thousands digit of 270635?
0
What is the thousands digit of 150152?
0
What is the units digit of 1676834?
4
What is the units digit of 389524?
4
What is the tens digit of 899430?
3
What is the hundreds digit of 470494?
4
What is the hundred thousands digit of 26388180?
3
What is the ten thousands digit of 1213154?
1
What is the hundred thousands digit of 4007621?
0
What is the thousands digit of 10002?
0
What is the hundred thousands digit of 1164592?
1
What is the hundreds digit of 18515403?
4
What is the ten millions digit of 23832480?
2
What is the hundreds digit of 171377?
3
What is the hundreds digit of 3409235?
2
What is the hundred thousands digit of 224957?
2
What is the hundred thousands digit of 146315?
1
What is the units digit of 2044484?
4
What is the hundred thousands digit of 125650?
1
What is the hundred thousands digit of 2163350?
1
What is the thousands digit of 171993?
1
What is the ten thousands digit of 1065321?
6
What is the tens digit of 91356?
5
What is the units digit of 6820188?
8
What is the thousands digit of 179221?
9
What is the units digit of 10371394?
4
What is the hundreds digit of 1046213?
2
What is the ten thousands digit of 4833397?
3
What is the thousands digit of 17098192?
8
What is the hundreds digit of 1430344?
3
What is the units digit of 129014?
4
What is the tens digit of 152042?
4
What is the hundred thousands digit of 7229332?
2
What is the ten thousands digit of 1638911?
3
What is the hundred thousands digit of 229815?
2
What is the hundred thousands digit of 156129?
1
What is the hundred thousands digit of 2750840?
7
What is the hundred thousands digit of 298690?
2
What is the tens digit of 35979?
7
What is the units digit of 7313328?
8
What is the hundred thousands digit of 333797?
3
What is the hundred thousands digit of 849717?
8
What is the thousands digit of 4932578?
2
What is the ten thousands digit of 18569576?
6
What is the ten thousands digit of 2885801?
8
What is the units digit of 2084379?
9
What is the ten thousands digit of 349016?
4
What is the hundred thousands digit of 2525780?
5
What is the hundred thousands digit of 1288299?
2
What is the tens digit of 283480?
8
What is the hundreds digit of 102664?
6
What is the hundreds digit of 994087?
0
What is the tens digit of 995298?
9
What is the ten thousands digit of 2794597?
9
What is the ten thousands digit of 222601?
2
What is the ten thousands digit of 355737?
5
What is the hundreds digit of 20711528?
5
What is the units digit of 239802?
2
What is the millions digit of 6635107?
6
What is the thousands digit of 3088963?
8
What is the ten thousands digit of 85651?
8
What is the hundred thousands digit of 329948?
3
What is the ten thousands digit of 3073607?
7
What is the millions digit of 8887828?
8
What is the tens digit of 4251132?
3
What is the units digit of 3232837?
7
What is the hundred thousands digit of 1822971?
8
What is the tens digit of 221059?
5
What is the ten thousands digit of 6011004?
1
What is the hundreds digit of 3727297?
2
What is the units digit of 1059639?
9
What is the ten thousands digit of 112524?
1
What is the hundred thousands digit of 637823?
6
What is the thousands digit of 6331861?
1
What is the thousands digit of 67317?
7
What is the tens digit of 3121054?
5
What is the hundred thousands digit of 14507650?
5
What is the ten thousands digit of 255846?
5
What is the tens digit of 23683758?
5
What is the tens digit of 6870191?
9
What is the tens digit of 752176?
7
What is the units digit of 1783870?
0
What is the ten thousands digit of 2340730?
4
What is the thousands digit of 133208?
3
What is the hundred thousands digit of 707637?
7
What is the hundred thousands digit of 35773579?
7
What is the tens digit of 1078061?
6
What is the tens digit of 132037?
3
What is the millions digit of 11790201?
1
What is the hundred thousands digit o